{"id":7077,"date":"2023-04-25T13:50:28","date_gmt":"2023-04-25T11:50:28","guid":{"rendered":"https:\/\/jovoutja.eu\/gallery\/12-zasadnutie-valneho-zhromazdenia-ezus-via-carpatia\/"},"modified":"2023-05-16T14:45:12","modified_gmt":"2023-05-16T12:45:12","slug":"12-zasadnutie-valneho-zhromazdenia-ezus-via-carpatia","status":"publish","type":"gallery","link":"https:\/\/jovoutja.eu\/en\/gallery\/12-zasadnutie-valneho-zhromazdenia-ezus-via-carpatia\/","title":{"rendered":"12th session of the Via Carpatia EGTC General Assembly"},"featured_media":6260,"template":"","class_list":["post-7077","gallery","type-gallery","status-publish","has-post-thumbnail","hentry"],"acf":[],"yoast_head":"<!-- This site is optimized with the Yoast SEO plugin v27.5 - https:\/\/yoast.com\/product\/yoast-seo-wordpress\/ -->\n<title>12th session of the Via Carpatia EGTC General Assembly - J\u00f6v\u0151 \u00datja<\/title>\n<meta name=\"robots\" content=\"index, follow, max-snippet:-1, max-image-preview:large, max-video-preview:-1\" \/>\n<link rel=\"canonical\" href=\"https:\/\/jovoutja.eu\/en\/gallery\/12-zasadnutie-valneho-zhromazdenia-ezus-via-carpatia\/\" \/>\n<meta property=\"og:locale\" content=\"en_US\" \/>\n<meta property=\"og:type\" content=\"article\" \/>\n<meta property=\"og:title\" content=\"12th session of the Via Carpatia EGTC General Assembly - J\u00f6v\u0151 \u00datja\" \/>\n<meta property=\"og:url\" content=\"https:\/\/jovoutja.eu\/en\/gallery\/12-zasadnutie-valneho-zhromazdenia-ezus-via-carpatia\/\" \/>\n<meta property=\"og:site_name\" content=\"J\u00f6v\u0151 \u00datja\" \/>\n<meta property=\"article:modified_time\" content=\"2023-05-16T12:45:12+00:00\" \/>\n<meta property=\"og:image\" content=\"https:\/\/jovoutja.eu\/wp-content\/uploads\/2023\/04\/Gallery74-1.png\" \/>\n\t<meta property=\"og:image:width\" content=\"1920\" \/>\n\t<meta property=\"og:image:height\" content=\"1080\" \/>\n\t<meta property=\"og:image:type\" content=\"image\/png\" \/>\n<meta name=\"twitter:card\" content=\"summary_large_image\" \/>\n<script type=\"application\/ld+json\" class=\"yoast-schema-graph\">{\"@context\":\"https:\\\/\\\/schema.org\",\"@graph\":[{\"@type\":\"WebPage\",\"@id\":\"https:\\\/\\\/jovoutja.eu\\\/en\\\/gallery\\\/12-zasadnutie-valneho-zhromazdenia-ezus-via-carpatia\\\/\",\"url\":\"https:\\\/\\\/jovoutja.eu\\\/en\\\/gallery\\\/12-zasadnutie-valneho-zhromazdenia-ezus-via-carpatia\\\/\",\"name\":\"12th session of the Via Carpatia EGTC General Assembly - J\u00f6v\u0151 \u00datja\",\"isPartOf\":{\"@id\":\"https:\\\/\\\/jovoutja.eu\\\/#website\"},\"primaryImageOfPage\":{\"@id\":\"https:\\\/\\\/jovoutja.eu\\\/en\\\/gallery\\\/12-zasadnutie-valneho-zhromazdenia-ezus-via-carpatia\\\/#primaryimage\"},\"image\":{\"@id\":\"https:\\\/\\\/jovoutja.eu\\\/en\\\/gallery\\\/12-zasadnutie-valneho-zhromazdenia-ezus-via-carpatia\\\/#primaryimage\"},\"thumbnailUrl\":\"https:\\\/\\\/jovoutja.eu\\\/wp-content\\\/uploads\\\/2023\\\/04\\\/Gallery74-1.png\",\"datePublished\":\"2023-04-25T11:50:28+00:00\",\"dateModified\":\"2023-05-16T12:45:12+00:00\",\"breadcrumb\":{\"@id\":\"https:\\\/\\\/jovoutja.eu\\\/en\\\/gallery\\\/12-zasadnutie-valneho-zhromazdenia-ezus-via-carpatia\\\/#breadcrumb\"},\"inLanguage\":\"en-US\",\"potentialAction\":[{\"@type\":\"ReadAction\",\"target\":[\"https:\\\/\\\/jovoutja.eu\\\/en\\\/gallery\\\/12-zasadnutie-valneho-zhromazdenia-ezus-via-carpatia\\\/\"]}]},{\"@type\":\"ImageObject\",\"inLanguage\":\"en-US\",\"@id\":\"https:\\\/\\\/jovoutja.eu\\\/en\\\/gallery\\\/12-zasadnutie-valneho-zhromazdenia-ezus-via-carpatia\\\/#primaryimage\",\"url\":\"https:\\\/\\\/jovoutja.eu\\\/wp-content\\\/uploads\\\/2023\\\/04\\\/Gallery74-1.png\",\"contentUrl\":\"https:\\\/\\\/jovoutja.eu\\\/wp-content\\\/uploads\\\/2023\\\/04\\\/Gallery74-1.png\",\"width\":1920,\"height\":1080},{\"@type\":\"BreadcrumbList\",\"@id\":\"https:\\\/\\\/jovoutja.eu\\\/en\\\/gallery\\\/12-zasadnutie-valneho-zhromazdenia-ezus-via-carpatia\\\/#breadcrumb\",\"itemListElement\":[{\"@type\":\"ListItem\",\"position\":1,\"name\":\"Home\",\"item\":\"https:\\\/\\\/jovoutja.eu\\\/\"},{\"@type\":\"ListItem\",\"position\":2,\"name\":\"12th session of the Via Carpatia EGTC General Assembly\"}]},{\"@type\":\"WebSite\",\"@id\":\"https:\\\/\\\/jovoutja.eu\\\/#website\",\"url\":\"https:\\\/\\\/jovoutja.eu\\\/\",\"name\":\"ViaCarpatia\",\"description\":\"Sp\u00e1jame historick\u00e9 a kult\u00farno-jazykov\u00e9 trad\u00edcie\",\"alternateName\":\"ViaCarpatia\",\"potentialAction\":[{\"@type\":\"SearchAction\",\"target\":{\"@type\":\"EntryPoint\",\"urlTemplate\":\"https:\\\/\\\/jovoutja.eu\\\/?s={search_term_string}\"},\"query-input\":{\"@type\":\"PropertyValueSpecification\",\"valueRequired\":true,\"valueName\":\"search_term_string\"}}],\"inLanguage\":\"en-US\"}]}<\/script>\n<!-- \/ Yoast SEO plugin. -->","yoast_head_json":{"title":"12th session of the Via Carpatia EGTC General Assembly - J\u00f6v\u0151 \u00datja","robots":{"index":"index","follow":"follow","max-snippet":"max-snippet:-1","max-image-preview":"max-image-preview:large","max-video-preview":"max-video-preview:-1"},"canonical":"https:\/\/jovoutja.eu\/en\/gallery\/12-zasadnutie-valneho-zhromazdenia-ezus-via-carpatia\/","og_locale":"en_US","og_type":"article","og_title":"12th session of the Via Carpatia EGTC General Assembly - J\u00f6v\u0151 \u00datja","og_url":"https:\/\/jovoutja.eu\/en\/gallery\/12-zasadnutie-valneho-zhromazdenia-ezus-via-carpatia\/","og_site_name":"J\u00f6v\u0151 \u00datja","article_modified_time":"2023-05-16T12:45:12+00:00","og_image":[{"width":1920,"height":1080,"url":"https:\/\/jovoutja.eu\/wp-content\/uploads\/2023\/04\/Gallery74-1.png","type":"image\/png"}],"twitter_card":"summary_large_image","schema":{"@context":"https:\/\/schema.org","@graph":[{"@type":"WebPage","@id":"https:\/\/jovoutja.eu\/en\/gallery\/12-zasadnutie-valneho-zhromazdenia-ezus-via-carpatia\/","url":"https:\/\/jovoutja.eu\/en\/gallery\/12-zasadnutie-valneho-zhromazdenia-ezus-via-carpatia\/","name":"12th session of the Via Carpatia EGTC General Assembly - J\u00f6v\u0151 \u00datja","isPartOf":{"@id":"https:\/\/jovoutja.eu\/#website"},"primaryImageOfPage":{"@id":"https:\/\/jovoutja.eu\/en\/gallery\/12-zasadnutie-valneho-zhromazdenia-ezus-via-carpatia\/#primaryimage"},"image":{"@id":"https:\/\/jovoutja.eu\/en\/gallery\/12-zasadnutie-valneho-zhromazdenia-ezus-via-carpatia\/#primaryimage"},"thumbnailUrl":"https:\/\/jovoutja.eu\/wp-content\/uploads\/2023\/04\/Gallery74-1.png","datePublished":"2023-04-25T11:50:28+00:00","dateModified":"2023-05-16T12:45:12+00:00","breadcrumb":{"@id":"https:\/\/jovoutja.eu\/en\/gallery\/12-zasadnutie-valneho-zhromazdenia-ezus-via-carpatia\/#breadcrumb"},"inLanguage":"en-US","potentialAction":[{"@type":"ReadAction","target":["https:\/\/jovoutja.eu\/en\/gallery\/12-zasadnutie-valneho-zhromazdenia-ezus-via-carpatia\/"]}]},{"@type":"ImageObject","inLanguage":"en-US","@id":"https:\/\/jovoutja.eu\/en\/gallery\/12-zasadnutie-valneho-zhromazdenia-ezus-via-carpatia\/#primaryimage","url":"https:\/\/jovoutja.eu\/wp-content\/uploads\/2023\/04\/Gallery74-1.png","contentUrl":"https:\/\/jovoutja.eu\/wp-content\/uploads\/2023\/04\/Gallery74-1.png","width":1920,"height":1080},{"@type":"BreadcrumbList","@id":"https:\/\/jovoutja.eu\/en\/gallery\/12-zasadnutie-valneho-zhromazdenia-ezus-via-carpatia\/#breadcrumb","itemListElement":[{"@type":"ListItem","position":1,"name":"Home","item":"https:\/\/jovoutja.eu\/"},{"@type":"ListItem","position":2,"name":"12th session of the Via Carpatia EGTC General Assembly"}]},{"@type":"WebSite","@id":"https:\/\/jovoutja.eu\/#website","url":"https:\/\/jovoutja.eu\/","name":"ViaCarpatia","description":"Sp\u00e1jame historick\u00e9 a kult\u00farno-jazykov\u00e9 trad\u00edcie","alternateName":"ViaCarpatia","potentialAction":[{"@type":"SearchAction","target":{"@type":"EntryPoint","urlTemplate":"https:\/\/jovoutja.eu\/?s={search_term_string}"},"query-input":{"@type":"PropertyValueSpecification","valueRequired":true,"valueName":"search_term_string"}}],"inLanguage":"en-US"}]}},"_links":{"self":[{"href":"https:\/\/jovoutja.eu\/en\/wp-json\/wp\/v2\/gallery\/7077","targetHints":{"allow":["GET"]}}],"collection":[{"href":"https:\/\/jovoutja.eu\/en\/wp-json\/wp\/v2\/gallery"}],"about":[{"href":"https:\/\/jovoutja.eu\/en\/wp-json\/wp\/v2\/types\/gallery"}],"wp:featuredmedia":[{"embeddable":true,"href":"https:\/\/jovoutja.eu\/en\/wp-json\/wp\/v2\/media\/6260"}],"wp:attachment":[{"href":"https:\/\/jovoutja.eu\/en\/wp-json\/wp\/v2\/media?parent=7077"}],"curies":[{"name":"wp","href":"https:\/\/api.w.org\/{rel}","templated":true}]}}

<!-- This site is optimized with the Yoast SEO plugin v27.5 - https://yoast.com/product/yoast-seo-wordpress/ -->
<title>12th session of the Via Carpatia EGTC General Assembly - Jövő Útja</title>
<meta name="robots" content="index, follow, max-snippet:-1, max-image-preview:large, max-video-preview:-1" />
<link rel="canonical" href="https://jovoutja.eu/en/gallery/12-zasadnutie-valneho-zhromazdenia-ezus-via-carpatia/" />
<meta property="og:locale" content="en_US" />
<meta property="og:type" content="article" />
<meta property="og:title" content="12th session of the Via Carpatia EGTC General Assembly - Jövő Útja" />
<meta property="og:url" content="https://jovoutja.eu/en/gallery/12-zasadnutie-valneho-zhromazdenia-ezus-via-carpatia/" />
<meta property="og:site_name" content="Jövő Útja" />
<meta property="article:modified_time" content="2023-05-16T12:45:12+00:00" />
<meta property="og:image" content="https://jovoutja.eu/wp-content/uploads/2023/04/Gallery74-1.png" />
	<meta property="og:image:width" content="1920" />
	<meta property="og:image:height" content="1080" />
	<meta property="og:image:type" content="image/png" />
<meta name="twitter:card" content="summary_large_image" />
<script type="application/ld+json" class="yoast-schema-graph">{"@context":"https:\/\/schema.org","@graph":[{"@type":"WebPage","@id":"https:\/\/jovoutja.eu\/en\/gallery\/12-zasadnutie-valneho-zhromazdenia-ezus-via-carpatia\/","url":"https:\/\/jovoutja.eu\/en\/gallery\/12-zasadnutie-valneho-zhromazdenia-ezus-via-carpatia\/","name":"12th session of the Via Carpatia EGTC General Assembly - Jövő Útja","isPartOf":{"@id":"https:\/\/jovoutja.eu\/#website"},"primaryImageOfPage":{"@id":"https:\/\/jovoutja.eu\/en\/gallery\/12-zasadnutie-valneho-zhromazdenia-ezus-via-carpatia\/#primaryimage"},"image":{"@id":"https:\/\/jovoutja.eu\/en\/gallery\/12-zasadnutie-valneho-zhromazdenia-ezus-via-carpatia\/#primaryimage"},"thumbnailUrl":"https:\/\/jovoutja.eu\/wp-content\/uploads\/2023\/04\/Gallery74-1.png","datePublished":"2023-04-25T11:50:28+00:00","dateModified":"2023-05-16T12:45:12+00:00","breadcrumb":{"@id":"https:\/\/jovoutja.eu\/en\/gallery\/12-zasadnutie-valneho-zhromazdenia-ezus-via-carpatia\/#breadcrumb"},"inLanguage":"en-US","potentialAction":[{"@type":"ReadAction","target":["https:\/\/jovoutja.eu\/en\/gallery\/12-zasadnutie-valneho-zhromazdenia-ezus-via-carpatia\/"]}]},{"@type":"ImageObject","inLanguage":"en-US","@id":"https:\/\/jovoutja.eu\/en\/gallery\/12-zasadnutie-valneho-zhromazdenia-ezus-via-carpatia\/#primaryimage","url":"https:\/\/jovoutja.eu\/wp-content\/uploads\/2023\/04\/Gallery74-1.png","contentUrl":"https:\/\/jovoutja.eu\/wp-content\/uploads\/2023\/04\/Gallery74-1.png","width":1920,"height":1080},{"@type":"BreadcrumbList","@id":"https:\/\/jovoutja.eu\/en\/gallery\/12-zasadnutie-valneho-zhromazdenia-ezus-via-carpatia\/#breadcrumb","itemListElement":[{"@type":"ListItem","position":1,"name":"Home","item":"https:\/\/jovoutja.eu\/"},{"@type":"ListItem","position":2,"name":"12th session of the Via Carpatia EGTC General Assembly"}]},{"@type":"WebSite","@id":"https:\/\/jovoutja.eu\/#website","url":"https:\/\/jovoutja.eu\/","name":"ViaCarpatia","description":"Spájame historické a kultúrno-jazykové tradície","alternateName":"ViaCarpatia","potentialAction":[{"@type":"SearchAction","target":{"@type":"EntryPoint","urlTemplate":"https:\/\/jovoutja.eu\/?s={search_term_string}"},"query-input":{"@type":"PropertyValueSpecification","valueRequired":true,"valueName":"search_term_string"}}],"inLanguage":"en-US"}]}</script>
<!-- / Yoast SEO plugin. -->

12th session of the Via Carpatia EGTC General Assembly - Jövő Útja

Jövő Útja

Spájame historické a kultúrno-jazykové tradície
