{"id":6935,"date":"2023-04-25T13:35:52","date_gmt":"2023-04-25T11:35:52","guid":{"rendered":"https:\/\/jovoutja.eu\/gallery\/i-dvojdnove-stretnutie-k-projektu-budovanie-partnerstva-v-ramci-tematickej-cesty-via-carpatia-16-17-2-2017\/"},"modified":"2023-05-16T13:16:38","modified_gmt":"2023-05-16T11:16:38","slug":"i-dvojdnove-stretnutie-k-projektu-budovanie-partnerstva-v-ramci-tematickej-cesty-via-carpatia-16-17-2-2017","status":"publish","type":"gallery","link":"https:\/\/jovoutja.eu\/hu\/gallery\/i-dvojdnove-stretnutie-k-projektu-budovanie-partnerstva-v-ramci-tematickej-cesty-via-carpatia-16-17-2-2017\/","title":{"rendered":"Projekt I. k\u00e9tnapos tal\u00e1lkoz\u00f3ja: &#8222;Partners\u00e9g \u00e9p\u00edt\u00e9se a Via Carpatia tematikus utaz\u00e1s keret\u00e9ben&#8221;, 2017.2.16-17."},"featured_media":5731,"template":"","class_list":["post-6935","gallery","type-gallery","status-publish","has-post-thumbnail","hentry"],"acf":[],"yoast_head":"<!-- This site is optimized with the Yoast SEO plugin v27.5 - https:\/\/yoast.com\/product\/yoast-seo-wordpress\/ -->\n<title>Projekt I. k\u00e9tnapos tal\u00e1lkoz\u00f3ja: &quot;Partners\u00e9g \u00e9p\u00edt\u00e9se a Via Carpatia tematikus utaz\u00e1s keret\u00e9ben&quot;, 2017.2.16-17. - J\u00f6v\u0151 \u00datja<\/title>\n<meta name=\"robots\" content=\"index, follow, max-snippet:-1, max-image-preview:large, max-video-preview:-1\" \/>\n<link rel=\"canonical\" href=\"https:\/\/jovoutja.eu\/hu\/gallery\/i-dvojdnove-stretnutie-k-projektu-budovanie-partnerstva-v-ramci-tematickej-cesty-via-carpatia-16-17-2-2017\/\" \/>\n<meta property=\"og:locale\" content=\"hu_HU\" \/>\n<meta property=\"og:type\" content=\"article\" \/>\n<meta property=\"og:title\" content=\"Projekt I. k\u00e9tnapos tal\u00e1lkoz\u00f3ja: &quot;Partners\u00e9g \u00e9p\u00edt\u00e9se a Via Carpatia tematikus utaz\u00e1s keret\u00e9ben&quot;, 2017.2.16-17. - J\u00f6v\u0151 \u00datja\" \/>\n<meta property=\"og:url\" content=\"https:\/\/jovoutja.eu\/hu\/gallery\/i-dvojdnove-stretnutie-k-projektu-budovanie-partnerstva-v-ramci-tematickej-cesty-via-carpatia-16-17-2-2017\/\" \/>\n<meta property=\"og:site_name\" content=\"J\u00f6v\u0151 \u00datja\" \/>\n<meta property=\"article:modified_time\" content=\"2023-05-16T11:16:38+00:00\" \/>\n<meta property=\"og:image\" content=\"https:\/\/jovoutja.eu\/wp-content\/uploads\/2023\/04\/Gallery40-1.jpg\" \/>\n\t<meta property=\"og:image:width\" content=\"746\" \/>\n\t<meta property=\"og:image:height\" content=\"560\" \/>\n\t<meta property=\"og:image:type\" content=\"image\/jpeg\" \/>\n<meta name=\"twitter:card\" content=\"summary_large_image\" \/>\n<script type=\"application\/ld+json\" class=\"yoast-schema-graph\">{\"@context\":\"https:\\\/\\\/schema.org\",\"@graph\":[{\"@type\":\"WebPage\",\"@id\":\"https:\\\/\\\/jovoutja.eu\\\/hu\\\/gallery\\\/i-dvojdnove-stretnutie-k-projektu-budovanie-partnerstva-v-ramci-tematickej-cesty-via-carpatia-16-17-2-2017\\\/\",\"url\":\"https:\\\/\\\/jovoutja.eu\\\/hu\\\/gallery\\\/i-dvojdnove-stretnutie-k-projektu-budovanie-partnerstva-v-ramci-tematickej-cesty-via-carpatia-16-17-2-2017\\\/\",\"name\":\"Projekt I. k\u00e9tnapos tal\u00e1lkoz\u00f3ja: \\\"Partners\u00e9g \u00e9p\u00edt\u00e9se a Via Carpatia tematikus utaz\u00e1s keret\u00e9ben\\\", 2017.2.16-17. - J\u00f6v\u0151 \u00datja\",\"isPartOf\":{\"@id\":\"https:\\\/\\\/jovoutja.eu\\\/#website\"},\"primaryImageOfPage\":{\"@id\":\"https:\\\/\\\/jovoutja.eu\\\/hu\\\/gallery\\\/i-dvojdnove-stretnutie-k-projektu-budovanie-partnerstva-v-ramci-tematickej-cesty-via-carpatia-16-17-2-2017\\\/#primaryimage\"},\"image\":{\"@id\":\"https:\\\/\\\/jovoutja.eu\\\/hu\\\/gallery\\\/i-dvojdnove-stretnutie-k-projektu-budovanie-partnerstva-v-ramci-tematickej-cesty-via-carpatia-16-17-2-2017\\\/#primaryimage\"},\"thumbnailUrl\":\"https:\\\/\\\/jovoutja.eu\\\/wp-content\\\/uploads\\\/2023\\\/04\\\/Gallery40-1.jpg\",\"datePublished\":\"2023-04-25T11:35:52+00:00\",\"dateModified\":\"2023-05-16T11:16:38+00:00\",\"breadcrumb\":{\"@id\":\"https:\\\/\\\/jovoutja.eu\\\/hu\\\/gallery\\\/i-dvojdnove-stretnutie-k-projektu-budovanie-partnerstva-v-ramci-tematickej-cesty-via-carpatia-16-17-2-2017\\\/#breadcrumb\"},\"inLanguage\":\"hu\",\"potentialAction\":[{\"@type\":\"ReadAction\",\"target\":[\"https:\\\/\\\/jovoutja.eu\\\/hu\\\/gallery\\\/i-dvojdnove-stretnutie-k-projektu-budovanie-partnerstva-v-ramci-tematickej-cesty-via-carpatia-16-17-2-2017\\\/\"]}]},{\"@type\":\"ImageObject\",\"inLanguage\":\"hu\",\"@id\":\"https:\\\/\\\/jovoutja.eu\\\/hu\\\/gallery\\\/i-dvojdnove-stretnutie-k-projektu-budovanie-partnerstva-v-ramci-tematickej-cesty-via-carpatia-16-17-2-2017\\\/#primaryimage\",\"url\":\"https:\\\/\\\/jovoutja.eu\\\/wp-content\\\/uploads\\\/2023\\\/04\\\/Gallery40-1.jpg\",\"contentUrl\":\"https:\\\/\\\/jovoutja.eu\\\/wp-content\\\/uploads\\\/2023\\\/04\\\/Gallery40-1.jpg\",\"width\":746,\"height\":560},{\"@type\":\"BreadcrumbList\",\"@id\":\"https:\\\/\\\/jovoutja.eu\\\/hu\\\/gallery\\\/i-dvojdnove-stretnutie-k-projektu-budovanie-partnerstva-v-ramci-tematickej-cesty-via-carpatia-16-17-2-2017\\\/#breadcrumb\",\"itemListElement\":[{\"@type\":\"ListItem\",\"position\":1,\"name\":\"Home\",\"item\":\"https:\\\/\\\/jovoutja.eu\\\/\"},{\"@type\":\"ListItem\",\"position\":2,\"name\":\"Projekt I. k\u00e9tnapos tal\u00e1lkoz\u00f3ja: &#8220;Partners\u00e9g \u00e9p\u00edt\u00e9se a Via Carpatia tematikus utaz\u00e1s keret\u00e9ben&#8221;, 2017.2.16-17.\"}]},{\"@type\":\"WebSite\",\"@id\":\"https:\\\/\\\/jovoutja.eu\\\/#website\",\"url\":\"https:\\\/\\\/jovoutja.eu\\\/\",\"name\":\"ViaCarpatia\",\"description\":\"Sp\u00e1jame historick\u00e9 a kult\u00farno-jazykov\u00e9 trad\u00edcie\",\"alternateName\":\"ViaCarpatia\",\"potentialAction\":[{\"@type\":\"SearchAction\",\"target\":{\"@type\":\"EntryPoint\",\"urlTemplate\":\"https:\\\/\\\/jovoutja.eu\\\/?s={search_term_string}\"},\"query-input\":{\"@type\":\"PropertyValueSpecification\",\"valueRequired\":true,\"valueName\":\"search_term_string\"}}],\"inLanguage\":\"hu\"}]}<\/script>\n<!-- \/ Yoast SEO plugin. -->","yoast_head_json":{"title":"Projekt I. k\u00e9tnapos tal\u00e1lkoz\u00f3ja: \"Partners\u00e9g \u00e9p\u00edt\u00e9se a Via Carpatia tematikus utaz\u00e1s keret\u00e9ben\", 2017.2.16-17. - J\u00f6v\u0151 \u00datja","robots":{"index":"index","follow":"follow","max-snippet":"max-snippet:-1","max-image-preview":"max-image-preview:large","max-video-preview":"max-video-preview:-1"},"canonical":"https:\/\/jovoutja.eu\/hu\/gallery\/i-dvojdnove-stretnutie-k-projektu-budovanie-partnerstva-v-ramci-tematickej-cesty-via-carpatia-16-17-2-2017\/","og_locale":"hu_HU","og_type":"article","og_title":"Projekt I. k\u00e9tnapos tal\u00e1lkoz\u00f3ja: \"Partners\u00e9g \u00e9p\u00edt\u00e9se a Via Carpatia tematikus utaz\u00e1s keret\u00e9ben\", 2017.2.16-17. - J\u00f6v\u0151 \u00datja","og_url":"https:\/\/jovoutja.eu\/hu\/gallery\/i-dvojdnove-stretnutie-k-projektu-budovanie-partnerstva-v-ramci-tematickej-cesty-via-carpatia-16-17-2-2017\/","og_site_name":"J\u00f6v\u0151 \u00datja","article_modified_time":"2023-05-16T11:16:38+00:00","og_image":[{"width":746,"height":560,"url":"https:\/\/jovoutja.eu\/wp-content\/uploads\/2023\/04\/Gallery40-1.jpg","type":"image\/jpeg"}],"twitter_card":"summary_large_image","schema":{"@context":"https:\/\/schema.org","@graph":[{"@type":"WebPage","@id":"https:\/\/jovoutja.eu\/hu\/gallery\/i-dvojdnove-stretnutie-k-projektu-budovanie-partnerstva-v-ramci-tematickej-cesty-via-carpatia-16-17-2-2017\/","url":"https:\/\/jovoutja.eu\/hu\/gallery\/i-dvojdnove-stretnutie-k-projektu-budovanie-partnerstva-v-ramci-tematickej-cesty-via-carpatia-16-17-2-2017\/","name":"Projekt I. k\u00e9tnapos tal\u00e1lkoz\u00f3ja: \"Partners\u00e9g \u00e9p\u00edt\u00e9se a Via Carpatia tematikus utaz\u00e1s keret\u00e9ben\", 2017.2.16-17. - J\u00f6v\u0151 \u00datja","isPartOf":{"@id":"https:\/\/jovoutja.eu\/#website"},"primaryImageOfPage":{"@id":"https:\/\/jovoutja.eu\/hu\/gallery\/i-dvojdnove-stretnutie-k-projektu-budovanie-partnerstva-v-ramci-tematickej-cesty-via-carpatia-16-17-2-2017\/#primaryimage"},"image":{"@id":"https:\/\/jovoutja.eu\/hu\/gallery\/i-dvojdnove-stretnutie-k-projektu-budovanie-partnerstva-v-ramci-tematickej-cesty-via-carpatia-16-17-2-2017\/#primaryimage"},"thumbnailUrl":"https:\/\/jovoutja.eu\/wp-content\/uploads\/2023\/04\/Gallery40-1.jpg","datePublished":"2023-04-25T11:35:52+00:00","dateModified":"2023-05-16T11:16:38+00:00","breadcrumb":{"@id":"https:\/\/jovoutja.eu\/hu\/gallery\/i-dvojdnove-stretnutie-k-projektu-budovanie-partnerstva-v-ramci-tematickej-cesty-via-carpatia-16-17-2-2017\/#breadcrumb"},"inLanguage":"hu","potentialAction":[{"@type":"ReadAction","target":["https:\/\/jovoutja.eu\/hu\/gallery\/i-dvojdnove-stretnutie-k-projektu-budovanie-partnerstva-v-ramci-tematickej-cesty-via-carpatia-16-17-2-2017\/"]}]},{"@type":"ImageObject","inLanguage":"hu","@id":"https:\/\/jovoutja.eu\/hu\/gallery\/i-dvojdnove-stretnutie-k-projektu-budovanie-partnerstva-v-ramci-tematickej-cesty-via-carpatia-16-17-2-2017\/#primaryimage","url":"https:\/\/jovoutja.eu\/wp-content\/uploads\/2023\/04\/Gallery40-1.jpg","contentUrl":"https:\/\/jovoutja.eu\/wp-content\/uploads\/2023\/04\/Gallery40-1.jpg","width":746,"height":560},{"@type":"BreadcrumbList","@id":"https:\/\/jovoutja.eu\/hu\/gallery\/i-dvojdnove-stretnutie-k-projektu-budovanie-partnerstva-v-ramci-tematickej-cesty-via-carpatia-16-17-2-2017\/#breadcrumb","itemListElement":[{"@type":"ListItem","position":1,"name":"Home","item":"https:\/\/jovoutja.eu\/"},{"@type":"ListItem","position":2,"name":"Projekt I. k\u00e9tnapos tal\u00e1lkoz\u00f3ja: &#8220;Partners\u00e9g \u00e9p\u00edt\u00e9se a Via Carpatia tematikus utaz\u00e1s keret\u00e9ben&#8221;, 2017.2.16-17."}]},{"@type":"WebSite","@id":"https:\/\/jovoutja.eu\/#website","url":"https:\/\/jovoutja.eu\/","name":"ViaCarpatia","description":"Sp\u00e1jame historick\u00e9 a kult\u00farno-jazykov\u00e9 trad\u00edcie","alternateName":"ViaCarpatia","potentialAction":[{"@type":"SearchAction","target":{"@type":"EntryPoint","urlTemplate":"https:\/\/jovoutja.eu\/?s={search_term_string}"},"query-input":{"@type":"PropertyValueSpecification","valueRequired":true,"valueName":"search_term_string"}}],"inLanguage":"hu"}]}},"_links":{"self":[{"href":"https:\/\/jovoutja.eu\/hu\/wp-json\/wp\/v2\/gallery\/6935","targetHints":{"allow":["GET"]}}],"collection":[{"href":"https:\/\/jovoutja.eu\/hu\/wp-json\/wp\/v2\/gallery"}],"about":[{"href":"https:\/\/jovoutja.eu\/hu\/wp-json\/wp\/v2\/types\/gallery"}],"wp:featuredmedia":[{"embeddable":true,"href":"https:\/\/jovoutja.eu\/hu\/wp-json\/wp\/v2\/media\/5731"}],"wp:attachment":[{"href":"https:\/\/jovoutja.eu\/hu\/wp-json\/wp\/v2\/media?parent=6935"}],"curies":[{"name":"wp","href":"https:\/\/api.w.org\/{rel}","templated":true}]}}

Projekt I. kétnapos találkozója: &#8222;Partnerség építése a Via Carpatia tematikus utazás keretében&#8221;, 2017.2.16-17.

<!-- This site is optimized with the Yoast SEO plugin v27.5 - https://yoast.com/product/yoast-seo-wordpress/ -->
<title>Projekt I. kétnapos találkozója: &quot;Partnerség építése a Via Carpatia tematikus utazás keretében&quot;, 2017.2.16-17. - Jövő Útja</title>
<meta name="robots" content="index, follow, max-snippet:-1, max-image-preview:large, max-video-preview:-1" />
<link rel="canonical" href="https://jovoutja.eu/hu/gallery/i-dvojdnove-stretnutie-k-projektu-budovanie-partnerstva-v-ramci-tematickej-cesty-via-carpatia-16-17-2-2017/" />
<meta property="og:locale" content="hu_HU" />
<meta property="og:type" content="article" />
<meta property="og:title" content="Projekt I. kétnapos találkozója: &quot;Partnerség építése a Via Carpatia tematikus utazás keretében&quot;, 2017.2.16-17. - Jövő Útja" />
<meta property="og:url" content="https://jovoutja.eu/hu/gallery/i-dvojdnove-stretnutie-k-projektu-budovanie-partnerstva-v-ramci-tematickej-cesty-via-carpatia-16-17-2-2017/" />
<meta property="og:site_name" content="Jövő Útja" />
<meta property="article:modified_time" content="2023-05-16T11:16:38+00:00" />
<meta property="og:image" content="https://jovoutja.eu/wp-content/uploads/2023/04/Gallery40-1.jpg" />
	<meta property="og:image:width" content="746" />
	<meta property="og:image:height" content="560" />
	<meta property="og:image:type" content="image/jpeg" />
<meta name="twitter:card" content="summary_large_image" />
<script type="application/ld+json" class="yoast-schema-graph">{"@context":"https:\/\/schema.org","@graph":[{"@type":"WebPage","@id":"https:\/\/jovoutja.eu\/hu\/gallery\/i-dvojdnove-stretnutie-k-projektu-budovanie-partnerstva-v-ramci-tematickej-cesty-via-carpatia-16-17-2-2017\/","url":"https:\/\/jovoutja.eu\/hu\/gallery\/i-dvojdnove-stretnutie-k-projektu-budovanie-partnerstva-v-ramci-tematickej-cesty-via-carpatia-16-17-2-2017\/","name":"Projekt I. kétnapos találkozója: \"Partnerség építése a Via Carpatia tematikus utazás keretében\", 2017.2.16-17. - Jövő Útja","isPartOf":{"@id":"https:\/\/jovoutja.eu\/#website"},"primaryImageOfPage":{"@id":"https:\/\/jovoutja.eu\/hu\/gallery\/i-dvojdnove-stretnutie-k-projektu-budovanie-partnerstva-v-ramci-tematickej-cesty-via-carpatia-16-17-2-2017\/#primaryimage"},"image":{"@id":"https:\/\/jovoutja.eu\/hu\/gallery\/i-dvojdnove-stretnutie-k-projektu-budovanie-partnerstva-v-ramci-tematickej-cesty-via-carpatia-16-17-2-2017\/#primaryimage"},"thumbnailUrl":"https:\/\/jovoutja.eu\/wp-content\/uploads\/2023\/04\/Gallery40-1.jpg","datePublished":"2023-04-25T11:35:52+00:00","dateModified":"2023-05-16T11:16:38+00:00","breadcrumb":{"@id":"https:\/\/jovoutja.eu\/hu\/gallery\/i-dvojdnove-stretnutie-k-projektu-budovanie-partnerstva-v-ramci-tematickej-cesty-via-carpatia-16-17-2-2017\/#breadcrumb"},"inLanguage":"hu","potentialAction":[{"@type":"ReadAction","target":["https:\/\/jovoutja.eu\/hu\/gallery\/i-dvojdnove-stretnutie-k-projektu-budovanie-partnerstva-v-ramci-tematickej-cesty-via-carpatia-16-17-2-2017\/"]}]},{"@type":"ImageObject","inLanguage":"hu","@id":"https:\/\/jovoutja.eu\/hu\/gallery\/i-dvojdnove-stretnutie-k-projektu-budovanie-partnerstva-v-ramci-tematickej-cesty-via-carpatia-16-17-2-2017\/#primaryimage","url":"https:\/\/jovoutja.eu\/wp-content\/uploads\/2023\/04\/Gallery40-1.jpg","contentUrl":"https:\/\/jovoutja.eu\/wp-content\/uploads\/2023\/04\/Gallery40-1.jpg","width":746,"height":560},{"@type":"BreadcrumbList","@id":"https:\/\/jovoutja.eu\/hu\/gallery\/i-dvojdnove-stretnutie-k-projektu-budovanie-partnerstva-v-ramci-tematickej-cesty-via-carpatia-16-17-2-2017\/#breadcrumb","itemListElement":[{"@type":"ListItem","position":1,"name":"Home","item":"https:\/\/jovoutja.eu\/"},{"@type":"ListItem","position":2,"name":"Projekt I. kétnapos találkozója: &#8220;Partnerség építése a Via Carpatia tematikus utazás keretében&#8221;, 2017.2.16-17."}]},{"@type":"WebSite","@id":"https:\/\/jovoutja.eu\/#website","url":"https:\/\/jovoutja.eu\/","name":"ViaCarpatia","description":"Spájame historické a kultúrno-jazykové tradície","alternateName":"ViaCarpatia","potentialAction":[{"@type":"SearchAction","target":{"@type":"EntryPoint","urlTemplate":"https:\/\/jovoutja.eu\/?s={search_term_string}"},"query-input":{"@type":"PropertyValueSpecification","valueRequired":true,"valueName":"search_term_string"}}],"inLanguage":"hu"}]}</script>
<!-- / Yoast SEO plugin. -->

Projekt I. kétnapos találkozója: "Partnerség építése a Via Carpatia tematikus utazás keretében", 2017.2.16-17. - Jövő Útja

Jövő Útja

Projekt I. kétnapos találkozója: &#8220;Partnerség építése a Via Carpatia tematikus utazás keretében&#8221;, 2017.2.16-17.

Spájame historické a kultúrno-jazykové tradície
