{"id":6987,"date":"2023-04-25T13:57:44","date_gmt":"2023-04-25T11:57:44","guid":{"rendered":"https:\/\/jovoutja.eu\/gallery\/informacne-dni-v-ramci-fondu-malych-projektov\/"},"modified":"2023-05-16T13:40:36","modified_gmt":"2023-05-16T11:40:36","slug":"informacne-dni-v-ramci-fondu-malych-projektov","status":"publish","type":"gallery","link":"https:\/\/jovoutja.eu\/hu\/gallery\/informacne-dni-v-ramci-fondu-malych-projektov\/","title":{"rendered":"Info napok a Kisprojekt Alap keret\u00e9ben"},"featured_media":6587,"template":"","class_list":["post-6987","gallery","type-gallery","status-publish","has-post-thumbnail","hentry"],"acf":[],"yoast_head":"<!-- This site is optimized with the Yoast SEO plugin v27.5 - https:\/\/yoast.com\/product\/yoast-seo-wordpress\/ -->\n<title>Info napok a Kisprojekt Alap keret\u00e9ben - J\u00f6v\u0151 \u00datja<\/title>\n<meta name=\"robots\" content=\"index, follow, max-snippet:-1, max-image-preview:large, max-video-preview:-1\" \/>\n<link rel=\"canonical\" href=\"https:\/\/jovoutja.eu\/hu\/gallery\/informacne-dni-v-ramci-fondu-malych-projektov\/\" \/>\n<meta property=\"og:locale\" content=\"hu_HU\" \/>\n<meta property=\"og:type\" content=\"article\" \/>\n<meta property=\"og:title\" content=\"Info napok a Kisprojekt Alap keret\u00e9ben - J\u00f6v\u0151 \u00datja\" \/>\n<meta property=\"og:url\" content=\"https:\/\/jovoutja.eu\/hu\/gallery\/informacne-dni-v-ramci-fondu-malych-projektov\/\" \/>\n<meta property=\"og:site_name\" content=\"J\u00f6v\u0151 \u00datja\" \/>\n<meta property=\"article:modified_time\" content=\"2023-05-16T11:40:36+00:00\" \/>\n<meta property=\"og:image\" content=\"https:\/\/jovoutja.eu\/wp-content\/uploads\/2023\/04\/Gallery91-1-scaled.jpg\" \/>\n\t<meta property=\"og:image:width\" content=\"2560\" \/>\n\t<meta property=\"og:image:height\" content=\"1920\" \/>\n\t<meta property=\"og:image:type\" content=\"image\/jpeg\" \/>\n<meta name=\"twitter:card\" content=\"summary_large_image\" \/>\n<script type=\"application\/ld+json\" class=\"yoast-schema-graph\">{\"@context\":\"https:\\\/\\\/schema.org\",\"@graph\":[{\"@type\":\"WebPage\",\"@id\":\"https:\\\/\\\/jovoutja.eu\\\/hu\\\/gallery\\\/informacne-dni-v-ramci-fondu-malych-projektov\\\/\",\"url\":\"https:\\\/\\\/jovoutja.eu\\\/hu\\\/gallery\\\/informacne-dni-v-ramci-fondu-malych-projektov\\\/\",\"name\":\"Info napok a Kisprojekt Alap keret\u00e9ben - J\u00f6v\u0151 \u00datja\",\"isPartOf\":{\"@id\":\"https:\\\/\\\/jovoutja.eu\\\/#website\"},\"primaryImageOfPage\":{\"@id\":\"https:\\\/\\\/jovoutja.eu\\\/hu\\\/gallery\\\/informacne-dni-v-ramci-fondu-malych-projektov\\\/#primaryimage\"},\"image\":{\"@id\":\"https:\\\/\\\/jovoutja.eu\\\/hu\\\/gallery\\\/informacne-dni-v-ramci-fondu-malych-projektov\\\/#primaryimage\"},\"thumbnailUrl\":\"https:\\\/\\\/jovoutja.eu\\\/wp-content\\\/uploads\\\/2023\\\/04\\\/Gallery91-1-scaled.jpg\",\"datePublished\":\"2023-04-25T11:57:44+00:00\",\"dateModified\":\"2023-05-16T11:40:36+00:00\",\"breadcrumb\":{\"@id\":\"https:\\\/\\\/jovoutja.eu\\\/hu\\\/gallery\\\/informacne-dni-v-ramci-fondu-malych-projektov\\\/#breadcrumb\"},\"inLanguage\":\"hu\",\"potentialAction\":[{\"@type\":\"ReadAction\",\"target\":[\"https:\\\/\\\/jovoutja.eu\\\/hu\\\/gallery\\\/informacne-dni-v-ramci-fondu-malych-projektov\\\/\"]}]},{\"@type\":\"ImageObject\",\"inLanguage\":\"hu\",\"@id\":\"https:\\\/\\\/jovoutja.eu\\\/hu\\\/gallery\\\/informacne-dni-v-ramci-fondu-malych-projektov\\\/#primaryimage\",\"url\":\"https:\\\/\\\/jovoutja.eu\\\/wp-content\\\/uploads\\\/2023\\\/04\\\/Gallery91-1-scaled.jpg\",\"contentUrl\":\"https:\\\/\\\/jovoutja.eu\\\/wp-content\\\/uploads\\\/2023\\\/04\\\/Gallery91-1-scaled.jpg\",\"width\":2560,\"height\":1920},{\"@type\":\"BreadcrumbList\",\"@id\":\"https:\\\/\\\/jovoutja.eu\\\/hu\\\/gallery\\\/informacne-dni-v-ramci-fondu-malych-projektov\\\/#breadcrumb\",\"itemListElement\":[{\"@type\":\"ListItem\",\"position\":1,\"name\":\"Home\",\"item\":\"https:\\\/\\\/jovoutja.eu\\\/\"},{\"@type\":\"ListItem\",\"position\":2,\"name\":\"Info napok a Kisprojekt Alap keret\u00e9ben\"}]},{\"@type\":\"WebSite\",\"@id\":\"https:\\\/\\\/jovoutja.eu\\\/#website\",\"url\":\"https:\\\/\\\/jovoutja.eu\\\/\",\"name\":\"ViaCarpatia\",\"description\":\"Sp\u00e1jame historick\u00e9 a kult\u00farno-jazykov\u00e9 trad\u00edcie\",\"alternateName\":\"ViaCarpatia\",\"potentialAction\":[{\"@type\":\"SearchAction\",\"target\":{\"@type\":\"EntryPoint\",\"urlTemplate\":\"https:\\\/\\\/jovoutja.eu\\\/?s={search_term_string}\"},\"query-input\":{\"@type\":\"PropertyValueSpecification\",\"valueRequired\":true,\"valueName\":\"search_term_string\"}}],\"inLanguage\":\"hu\"}]}<\/script>\n<!-- \/ Yoast SEO plugin. -->","yoast_head_json":{"title":"Info napok a Kisprojekt Alap keret\u00e9ben - J\u00f6v\u0151 \u00datja","robots":{"index":"index","follow":"follow","max-snippet":"max-snippet:-1","max-image-preview":"max-image-preview:large","max-video-preview":"max-video-preview:-1"},"canonical":"https:\/\/jovoutja.eu\/hu\/gallery\/informacne-dni-v-ramci-fondu-malych-projektov\/","og_locale":"hu_HU","og_type":"article","og_title":"Info napok a Kisprojekt Alap keret\u00e9ben - J\u00f6v\u0151 \u00datja","og_url":"https:\/\/jovoutja.eu\/hu\/gallery\/informacne-dni-v-ramci-fondu-malych-projektov\/","og_site_name":"J\u00f6v\u0151 \u00datja","article_modified_time":"2023-05-16T11:40:36+00:00","og_image":[{"width":2560,"height":1920,"url":"https:\/\/jovoutja.eu\/wp-content\/uploads\/2023\/04\/Gallery91-1-scaled.jpg","type":"image\/jpeg"}],"twitter_card":"summary_large_image","schema":{"@context":"https:\/\/schema.org","@graph":[{"@type":"WebPage","@id":"https:\/\/jovoutja.eu\/hu\/gallery\/informacne-dni-v-ramci-fondu-malych-projektov\/","url":"https:\/\/jovoutja.eu\/hu\/gallery\/informacne-dni-v-ramci-fondu-malych-projektov\/","name":"Info napok a Kisprojekt Alap keret\u00e9ben - J\u00f6v\u0151 \u00datja","isPartOf":{"@id":"https:\/\/jovoutja.eu\/#website"},"primaryImageOfPage":{"@id":"https:\/\/jovoutja.eu\/hu\/gallery\/informacne-dni-v-ramci-fondu-malych-projektov\/#primaryimage"},"image":{"@id":"https:\/\/jovoutja.eu\/hu\/gallery\/informacne-dni-v-ramci-fondu-malych-projektov\/#primaryimage"},"thumbnailUrl":"https:\/\/jovoutja.eu\/wp-content\/uploads\/2023\/04\/Gallery91-1-scaled.jpg","datePublished":"2023-04-25T11:57:44+00:00","dateModified":"2023-05-16T11:40:36+00:00","breadcrumb":{"@id":"https:\/\/jovoutja.eu\/hu\/gallery\/informacne-dni-v-ramci-fondu-malych-projektov\/#breadcrumb"},"inLanguage":"hu","potentialAction":[{"@type":"ReadAction","target":["https:\/\/jovoutja.eu\/hu\/gallery\/informacne-dni-v-ramci-fondu-malych-projektov\/"]}]},{"@type":"ImageObject","inLanguage":"hu","@id":"https:\/\/jovoutja.eu\/hu\/gallery\/informacne-dni-v-ramci-fondu-malych-projektov\/#primaryimage","url":"https:\/\/jovoutja.eu\/wp-content\/uploads\/2023\/04\/Gallery91-1-scaled.jpg","contentUrl":"https:\/\/jovoutja.eu\/wp-content\/uploads\/2023\/04\/Gallery91-1-scaled.jpg","width":2560,"height":1920},{"@type":"BreadcrumbList","@id":"https:\/\/jovoutja.eu\/hu\/gallery\/informacne-dni-v-ramci-fondu-malych-projektov\/#breadcrumb","itemListElement":[{"@type":"ListItem","position":1,"name":"Home","item":"https:\/\/jovoutja.eu\/"},{"@type":"ListItem","position":2,"name":"Info napok a Kisprojekt Alap keret\u00e9ben"}]},{"@type":"WebSite","@id":"https:\/\/jovoutja.eu\/#website","url":"https:\/\/jovoutja.eu\/","name":"ViaCarpatia","description":"Sp\u00e1jame historick\u00e9 a kult\u00farno-jazykov\u00e9 trad\u00edcie","alternateName":"ViaCarpatia","potentialAction":[{"@type":"SearchAction","target":{"@type":"EntryPoint","urlTemplate":"https:\/\/jovoutja.eu\/?s={search_term_string}"},"query-input":{"@type":"PropertyValueSpecification","valueRequired":true,"valueName":"search_term_string"}}],"inLanguage":"hu"}]}},"_links":{"self":[{"href":"https:\/\/jovoutja.eu\/hu\/wp-json\/wp\/v2\/gallery\/6987","targetHints":{"allow":["GET"]}}],"collection":[{"href":"https:\/\/jovoutja.eu\/hu\/wp-json\/wp\/v2\/gallery"}],"about":[{"href":"https:\/\/jovoutja.eu\/hu\/wp-json\/wp\/v2\/types\/gallery"}],"wp:featuredmedia":[{"embeddable":true,"href":"https:\/\/jovoutja.eu\/hu\/wp-json\/wp\/v2\/media\/6587"}],"wp:attachment":[{"href":"https:\/\/jovoutja.eu\/hu\/wp-json\/wp\/v2\/media?parent=6987"}],"curies":[{"name":"wp","href":"https:\/\/api.w.org\/{rel}","templated":true}]}}

Info napok a Kisprojekt Alap keretében

<!-- This site is optimized with the Yoast SEO plugin v27.5 - https://yoast.com/product/yoast-seo-wordpress/ -->
<title>Info napok a Kisprojekt Alap keretében - Jövő Útja</title>
<meta name="robots" content="index, follow, max-snippet:-1, max-image-preview:large, max-video-preview:-1" />
<link rel="canonical" href="https://jovoutja.eu/hu/gallery/informacne-dni-v-ramci-fondu-malych-projektov/" />
<meta property="og:locale" content="hu_HU" />
<meta property="og:type" content="article" />
<meta property="og:title" content="Info napok a Kisprojekt Alap keretében - Jövő Útja" />
<meta property="og:url" content="https://jovoutja.eu/hu/gallery/informacne-dni-v-ramci-fondu-malych-projektov/" />
<meta property="og:site_name" content="Jövő Útja" />
<meta property="article:modified_time" content="2023-05-16T11:40:36+00:00" />
<meta property="og:image" content="https://jovoutja.eu/wp-content/uploads/2023/04/Gallery91-1-scaled.jpg" />
	<meta property="og:image:width" content="2560" />
	<meta property="og:image:height" content="1920" />
	<meta property="og:image:type" content="image/jpeg" />
<meta name="twitter:card" content="summary_large_image" />
<script type="application/ld+json" class="yoast-schema-graph">{"@context":"https:\/\/schema.org","@graph":[{"@type":"WebPage","@id":"https:\/\/jovoutja.eu\/hu\/gallery\/informacne-dni-v-ramci-fondu-malych-projektov\/","url":"https:\/\/jovoutja.eu\/hu\/gallery\/informacne-dni-v-ramci-fondu-malych-projektov\/","name":"Info napok a Kisprojekt Alap keretében - Jövő Útja","isPartOf":{"@id":"https:\/\/jovoutja.eu\/#website"},"primaryImageOfPage":{"@id":"https:\/\/jovoutja.eu\/hu\/gallery\/informacne-dni-v-ramci-fondu-malych-projektov\/#primaryimage"},"image":{"@id":"https:\/\/jovoutja.eu\/hu\/gallery\/informacne-dni-v-ramci-fondu-malych-projektov\/#primaryimage"},"thumbnailUrl":"https:\/\/jovoutja.eu\/wp-content\/uploads\/2023\/04\/Gallery91-1-scaled.jpg","datePublished":"2023-04-25T11:57:44+00:00","dateModified":"2023-05-16T11:40:36+00:00","breadcrumb":{"@id":"https:\/\/jovoutja.eu\/hu\/gallery\/informacne-dni-v-ramci-fondu-malych-projektov\/#breadcrumb"},"inLanguage":"hu","potentialAction":[{"@type":"ReadAction","target":["https:\/\/jovoutja.eu\/hu\/gallery\/informacne-dni-v-ramci-fondu-malych-projektov\/"]}]},{"@type":"ImageObject","inLanguage":"hu","@id":"https:\/\/jovoutja.eu\/hu\/gallery\/informacne-dni-v-ramci-fondu-malych-projektov\/#primaryimage","url":"https:\/\/jovoutja.eu\/wp-content\/uploads\/2023\/04\/Gallery91-1-scaled.jpg","contentUrl":"https:\/\/jovoutja.eu\/wp-content\/uploads\/2023\/04\/Gallery91-1-scaled.jpg","width":2560,"height":1920},{"@type":"BreadcrumbList","@id":"https:\/\/jovoutja.eu\/hu\/gallery\/informacne-dni-v-ramci-fondu-malych-projektov\/#breadcrumb","itemListElement":[{"@type":"ListItem","position":1,"name":"Home","item":"https:\/\/jovoutja.eu\/"},{"@type":"ListItem","position":2,"name":"Info napok a Kisprojekt Alap keretében"}]},{"@type":"WebSite","@id":"https:\/\/jovoutja.eu\/#website","url":"https:\/\/jovoutja.eu\/","name":"ViaCarpatia","description":"Spájame historické a kultúrno-jazykové tradície","alternateName":"ViaCarpatia","potentialAction":[{"@type":"SearchAction","target":{"@type":"EntryPoint","urlTemplate":"https:\/\/jovoutja.eu\/?s={search_term_string}"},"query-input":{"@type":"PropertyValueSpecification","valueRequired":true,"valueName":"search_term_string"}}],"inLanguage":"hu"}]}</script>
<!-- / Yoast SEO plugin. -->

Info napok a Kisprojekt Alap keretében - Jövő Útja

Jövő Útja

Spájame historické a kultúrno-jazykové tradície
