{"id":7723,"date":"2023-05-23T15:58:10","date_gmt":"2023-05-23T13:58:10","guid":{"rendered":"https:\/\/jovoutja.eu\/projekty\/yes-young-europeans-are-in-solidarity\/"},"modified":"2024-08-13T11:38:31","modified_gmt":"2024-08-13T09:38:31","slug":"yes-young-europeans-are-in-solidarity","status":"publish","type":"projekty","link":"https:\/\/jovoutja.eu\/hu\/projekty\/yes-young-europeans-are-in-solidarity\/","title":{"rendered":"YES \u2013 Young Europeans are in Solidarity"},"content":{"rendered":"<p>A projekt vezet\u0151 partnere a Via Carpatia EGTC le\u00e1nyv\u00e1llalata \u2013 a J\u00f6v\u0151 \u00datja Nonprofit Kft. A YES projekt kiemeli a t\u00e1rsadalmi szerepv\u00e1llal\u00e1s koncepci\u00f3 fontoss\u00e1g\u00e1t a fiatalok k\u00f6r\u00e9ben \u00e9s az elemz\u00e9s\u00e9re f\u00f3kusz\u00e1l, mert Eur\u00f3pa jelen\u00e9t \u00e9s j\u00f6v\u0151j\u00e9t a fiatalok k\u00e9pviselik. A fiatalokkal v\u00e9gzett munka fontos ter\u00fclet, amelyre n\u00f6vekv\u0151 figyelmet ford\u00edt Eur\u00f3pa. A partnerek a projekttel az ismeretek megoszt\u00e1s\u00e1t \u00e9s az egy\u00fcttm\u0171k\u00f6d\u00e9st c\u00e9lozt\u00e1k meg. Az egy\u00fcttm\u0171k\u00f6d\u00e9s v\u00e1rhat\u00f3an a szolidarit\u00e1s meger\u0151s\u00edt\u00e9s\u00e9hez vezet, amely lehet\u0151v\u00e9 teszi a know-how \u00e9s a k\u00f6lcs\u00f6n\u00f6s gazdag\u00edt\u00e1si strat\u00e9gi\u00e1k megoszt\u00e1s\u00e1t. A projekt tov\u00e1bbi c\u00e9lja a h\u00e1tr\u00e1nyos helyzet\u0171 k\u00f6z\u00f6ss\u00e9gek integr\u00e1l\u00e1sa a t\u00e1rsadalomba. A projekt \u00e9s a projekttev\u00e9kenys\u00e9gek 340 uni\u00f3s lakosra hatnak k\u00f6zvetlen\u00fcl, 40\u00a0000 uni\u00f3s lakosra pedig k\u00f6zvetetten.<\/p>\n<p><strong>A projekt c\u00e9ljai:<\/strong><\/p>\n<ul>\n<li>a szoci\u00e1lis munka \u00e9s a fiatalokkal v\u00e9gzett munka \u00f6szt\u00f6nz\u00e9se a munkan\u00e9lk\u00fclis\u00e9g cs\u00f6kkent\u00e9se \u00e9rdek\u00e9ben, valamint h\u00e1tr\u00e1nyos helyzet\u0171 fiatalok szoci\u00e1lis integr\u00e1l\u00e1sa a t\u00e1rsadalomba,<\/li>\n<li>eszmecsere \u00f6szt\u00f6nz\u00e9se a szolidarit\u00e1s fontoss\u00e1g\u00e1r\u00f3l a v\u00e1ls\u00e1g idej\u00e9n,<\/li>\n<li>\u201eknow-how\u201d \u00e9s ismeretek megoszt\u00e1s\u00e1nak el\u0151seg\u00edtse,<\/li>\n<li>az EU politik\u00e1k ismertet\u00e9se,<\/li>\n<li>v\u00e9lem\u00e9nyek \u00e9s javaslatok \u00f6sszegz\u00e9se a szolidarit\u00e1ssal kapcsolatos probl\u00e9m\u00e1kr\u00f3l \u00e9s folyamatokr\u00f3l strat\u00e9gi\u00e1k l\u00e9trehoz\u00e1sa c\u00e9lj\u00e1b\u00f3l helyi \u00e9s nemzeti szinten,<\/li>\n<li>\u00f6nk\u00e9ntess\u00e9g t\u00e1mogat\u00e1sa,<\/li>\n<li>kapacit\u00e1s l\u00e9trehoz\u00e1s\u00e1nak t\u00e1mogat\u00e1sa a h\u00e1tr\u00e1nyos helyzet\u0171 fiatalok sz\u00e1m\u00e1ra,<\/li>\n<li>a partnerek j\u00f6v\u0151beni egy\u00fcttm\u0171k\u00f6d\u00e9s\u00e9nek el\u0151seg\u00edt\u00e9se.<\/li>\n<\/ul>\n<p>A projekt teljes k\u00f6lts\u00e9gvet\u00e9se: 25 000,00 eur\u00f3<\/p>\n","protected":false},"featured_media":0,"template":"","class_list":["post-7723","projekty","type-projekty","status-publish","hentry"],"acf":[],"yoast_head":"<!-- This site is optimized with the Yoast SEO plugin v27.5 - https:\/\/yoast.com\/product\/yoast-seo-wordpress\/ -->\n<title>YES \u2013 Young Europeans are in Solidarity - J\u00f6v\u0151 \u00datja<\/title>\n<meta name=\"robots\" content=\"index, follow, max-snippet:-1, max-image-preview:large, max-video-preview:-1\" \/>\n<link rel=\"canonical\" href=\"https:\/\/jovoutja.eu\/hu\/projekty\/yes-young-europeans-are-in-solidarity\/\" \/>\n<meta property=\"og:locale\" content=\"hu_HU\" \/>\n<meta property=\"og:type\" content=\"article\" \/>\n<meta property=\"og:title\" content=\"YES \u2013 Young Europeans are in Solidarity - J\u00f6v\u0151 \u00datja\" \/>\n<meta property=\"og:description\" content=\"A projekt vezet\u0151 partnere a Via Carpatia EGTC le\u00e1nyv\u00e1llalata \u2013 a J\u00f6v\u0151 \u00datja Nonprofit Kft. A YES projekt kiemeli a t\u00e1rsadalmi szerepv\u00e1llal\u00e1s koncepci\u00f3 fontoss\u00e1g\u00e1t a fiatalok k\u00f6r\u00e9ben \u00e9s az elemz\u00e9s\u00e9re f\u00f3kusz\u00e1l, mert Eur\u00f3pa jelen\u00e9t \u00e9s j\u00f6v\u0151j\u00e9t a fiatalok k\u00e9pviselik. A fiatalokkal v\u00e9gzett munka fontos ter\u00fclet, amelyre n\u00f6vekv\u0151 figyelmet ford\u00edt Eur\u00f3pa. A partnerek a projekttel az [&hellip;]\" \/>\n<meta property=\"og:url\" content=\"https:\/\/jovoutja.eu\/hu\/projekty\/yes-young-europeans-are-in-solidarity\/\" \/>\n<meta property=\"og:site_name\" content=\"J\u00f6v\u0151 \u00datja\" \/>\n<meta property=\"article:modified_time\" content=\"2024-08-13T09:38:31+00:00\" \/>\n<meta name=\"twitter:card\" content=\"summary_large_image\" \/>\n<meta name=\"twitter:label1\" content=\"Becs\u00fclt olvas\u00e1si id\u0151\" \/>\n\t<meta name=\"twitter:data1\" content=\"2 perc\" \/>\n<script type=\"application\/ld+json\" class=\"yoast-schema-graph\">{\"@context\":\"https:\\\/\\\/schema.org\",\"@graph\":[{\"@type\":\"WebPage\",\"@id\":\"https:\\\/\\\/jovoutja.eu\\\/hu\\\/projekty\\\/yes-young-europeans-are-in-solidarity\\\/\",\"url\":\"https:\\\/\\\/jovoutja.eu\\\/hu\\\/projekty\\\/yes-young-europeans-are-in-solidarity\\\/\",\"name\":\"YES \u2013 Young Europeans are in Solidarity - J\u00f6v\u0151 \u00datja\",\"isPartOf\":{\"@id\":\"https:\\\/\\\/jovoutja.eu\\\/#website\"},\"datePublished\":\"2023-05-23T13:58:10+00:00\",\"dateModified\":\"2024-08-13T09:38:31+00:00\",\"breadcrumb\":{\"@id\":\"https:\\\/\\\/jovoutja.eu\\\/hu\\\/projekty\\\/yes-young-europeans-are-in-solidarity\\\/#breadcrumb\"},\"inLanguage\":\"hu\",\"potentialAction\":[{\"@type\":\"ReadAction\",\"target\":[\"https:\\\/\\\/jovoutja.eu\\\/hu\\\/projekty\\\/yes-young-europeans-are-in-solidarity\\\/\"]}]},{\"@type\":\"BreadcrumbList\",\"@id\":\"https:\\\/\\\/jovoutja.eu\\\/hu\\\/projekty\\\/yes-young-europeans-are-in-solidarity\\\/#breadcrumb\",\"itemListElement\":[{\"@type\":\"ListItem\",\"position\":1,\"name\":\"Home\",\"item\":\"https:\\\/\\\/jovoutja.eu\\\/\"},{\"@type\":\"ListItem\",\"position\":2,\"name\":\"YES \u2013 Young Europeans are in Solidarity\"}]},{\"@type\":\"WebSite\",\"@id\":\"https:\\\/\\\/jovoutja.eu\\\/#website\",\"url\":\"https:\\\/\\\/jovoutja.eu\\\/\",\"name\":\"ViaCarpatia\",\"description\":\"Sp\u00e1jame historick\u00e9 a kult\u00farno-jazykov\u00e9 trad\u00edcie\",\"alternateName\":\"ViaCarpatia\",\"potentialAction\":[{\"@type\":\"SearchAction\",\"target\":{\"@type\":\"EntryPoint\",\"urlTemplate\":\"https:\\\/\\\/jovoutja.eu\\\/?s={search_term_string}\"},\"query-input\":{\"@type\":\"PropertyValueSpecification\",\"valueRequired\":true,\"valueName\":\"search_term_string\"}}],\"inLanguage\":\"hu\"}]}<\/script>\n<!-- \/ Yoast SEO plugin. -->","yoast_head_json":{"title":"YES \u2013 Young Europeans are in Solidarity - J\u00f6v\u0151 \u00datja","robots":{"index":"index","follow":"follow","max-snippet":"max-snippet:-1","max-image-preview":"max-image-preview:large","max-video-preview":"max-video-preview:-1"},"canonical":"https:\/\/jovoutja.eu\/hu\/projekty\/yes-young-europeans-are-in-solidarity\/","og_locale":"hu_HU","og_type":"article","og_title":"YES \u2013 Young Europeans are in Solidarity - J\u00f6v\u0151 \u00datja","og_description":"A projekt vezet\u0151 partnere a Via Carpatia EGTC le\u00e1nyv\u00e1llalata \u2013 a J\u00f6v\u0151 \u00datja Nonprofit Kft. A YES projekt kiemeli a t\u00e1rsadalmi szerepv\u00e1llal\u00e1s koncepci\u00f3 fontoss\u00e1g\u00e1t a fiatalok k\u00f6r\u00e9ben \u00e9s az elemz\u00e9s\u00e9re f\u00f3kusz\u00e1l, mert Eur\u00f3pa jelen\u00e9t \u00e9s j\u00f6v\u0151j\u00e9t a fiatalok k\u00e9pviselik. A fiatalokkal v\u00e9gzett munka fontos ter\u00fclet, amelyre n\u00f6vekv\u0151 figyelmet ford\u00edt Eur\u00f3pa. A partnerek a projekttel az [&hellip;]","og_url":"https:\/\/jovoutja.eu\/hu\/projekty\/yes-young-europeans-are-in-solidarity\/","og_site_name":"J\u00f6v\u0151 \u00datja","article_modified_time":"2024-08-13T09:38:31+00:00","twitter_card":"summary_large_image","twitter_misc":{"Becs\u00fclt olvas\u00e1si id\u0151":"2 perc"},"schema":{"@context":"https:\/\/schema.org","@graph":[{"@type":"WebPage","@id":"https:\/\/jovoutja.eu\/hu\/projekty\/yes-young-europeans-are-in-solidarity\/","url":"https:\/\/jovoutja.eu\/hu\/projekty\/yes-young-europeans-are-in-solidarity\/","name":"YES \u2013 Young Europeans are in Solidarity - J\u00f6v\u0151 \u00datja","isPartOf":{"@id":"https:\/\/jovoutja.eu\/#website"},"datePublished":"2023-05-23T13:58:10+00:00","dateModified":"2024-08-13T09:38:31+00:00","breadcrumb":{"@id":"https:\/\/jovoutja.eu\/hu\/projekty\/yes-young-europeans-are-in-solidarity\/#breadcrumb"},"inLanguage":"hu","potentialAction":[{"@type":"ReadAction","target":["https:\/\/jovoutja.eu\/hu\/projekty\/yes-young-europeans-are-in-solidarity\/"]}]},{"@type":"BreadcrumbList","@id":"https:\/\/jovoutja.eu\/hu\/projekty\/yes-young-europeans-are-in-solidarity\/#breadcrumb","itemListElement":[{"@type":"ListItem","position":1,"name":"Home","item":"https:\/\/jovoutja.eu\/"},{"@type":"ListItem","position":2,"name":"YES \u2013 Young Europeans are in Solidarity"}]},{"@type":"WebSite","@id":"https:\/\/jovoutja.eu\/#website","url":"https:\/\/jovoutja.eu\/","name":"ViaCarpatia","description":"Sp\u00e1jame historick\u00e9 a kult\u00farno-jazykov\u00e9 trad\u00edcie","alternateName":"ViaCarpatia","potentialAction":[{"@type":"SearchAction","target":{"@type":"EntryPoint","urlTemplate":"https:\/\/jovoutja.eu\/?s={search_term_string}"},"query-input":{"@type":"PropertyValueSpecification","valueRequired":true,"valueName":"search_term_string"}}],"inLanguage":"hu"}]}},"_links":{"self":[{"href":"https:\/\/jovoutja.eu\/hu\/wp-json\/wp\/v2\/projekty\/7723","targetHints":{"allow":["GET"]}}],"collection":[{"href":"https:\/\/jovoutja.eu\/hu\/wp-json\/wp\/v2\/projekty"}],"about":[{"href":"https:\/\/jovoutja.eu\/hu\/wp-json\/wp\/v2\/types\/projekty"}],"wp:attachment":[{"href":"https:\/\/jovoutja.eu\/hu\/wp-json\/wp\/v2\/media?parent=7723"}],"curies":[{"name":"wp","href":"https:\/\/api.w.org\/{rel}","templated":true}]}}

<p>A projekt vezető partnere a Via Carpatia EGTC leányvállalata – a Jövő Útja Nonprofit Kft. A YES projekt kiemeli a társadalmi szerepvállalás koncepció fontosságát a fiatalok körében és az elemzésére fókuszál, mert Európa jelenét és jövőjét a fiatalok képviselik. A fiatalokkal végzett munka fontos terület, amelyre növekvő figyelmet fordít Európa. A partnerek a projekttel az ismeretek megosztását és az együttműködést célozták meg. Az együttműködés várhatóan a szolidaritás megerősítéséhez vezet, amely lehetővé teszi a know-how és a kölcsönös gazdagítási stratégiák megosztását. A projekt további célja a hátrányos helyzetű közösségek integrálása a társadalomba. A projekt és a projekttevékenységek 340 uniós lakosra hatnak közvetlenül, 40 000 uniós lakosra pedig közvetetten.</p>
<p><strong>A projekt céljai:</strong></p>
<ul>
<li>a szociális munka és a fiatalokkal végzett munka ösztönzése a munkanélküliség csökkentése érdekében, valamint hátrányos helyzetű fiatalok szociális integrálása a társadalomba,</li>
<li>eszmecsere ösztönzése a szolidaritás fontosságáról a válság idején,</li>
<li>„know-how” és ismeretek megosztásának elősegítse,</li>
<li>az EU politikák ismertetése,</li>
<li>vélemények és javaslatok összegzése a szolidaritással kapcsolatos problémákról és folyamatokról stratégiák létrehozása céljából helyi és nemzeti szinten,</li>
<li>önkéntesség támogatása,</li>
<li>kapacitás létrehozásának támogatása a hátrányos helyzetű fiatalok számára,</li>
<li>a partnerek jövőbeni együttműködésének elősegítése.</li>
</ul>
<p>A projekt teljes költségvetése: 25 000,00 euró</p>

<!-- This site is optimized with the Yoast SEO plugin v27.5 - https://yoast.com/product/yoast-seo-wordpress/ -->
<title>YES – Young Europeans are in Solidarity - Jövő Útja</title>
<meta name="robots" content="index, follow, max-snippet:-1, max-image-preview:large, max-video-preview:-1" />
<link rel="canonical" href="https://jovoutja.eu/hu/projekty/yes-young-europeans-are-in-solidarity/" />
<meta property="og:locale" content="hu_HU" />
<meta property="og:type" content="article" />
<meta property="og:title" content="YES – Young Europeans are in Solidarity - Jövő Útja" />
<meta property="og:description" content="A projekt vezető partnere a Via Carpatia EGTC leányvállalata – a Jövő Útja Nonprofit Kft. A YES projekt kiemeli a társadalmi szerepvállalás koncepció fontosságát a fiatalok körében és az elemzésére fókuszál, mert Európa jelenét és jövőjét a fiatalok képviselik. A fiatalokkal végzett munka fontos terület, amelyre növekvő figyelmet fordít Európa. A partnerek a projekttel az [&hellip;]" />
<meta property="og:url" content="https://jovoutja.eu/hu/projekty/yes-young-europeans-are-in-solidarity/" />
<meta property="og:site_name" content="Jövő Útja" />
<meta property="article:modified_time" content="2024-08-13T09:38:31+00:00" />
<meta name="twitter:card" content="summary_large_image" />
<meta name="twitter:label1" content="Becsült olvasási idő" />
	<meta name="twitter:data1" content="2 perc" />
<script type="application/ld+json" class="yoast-schema-graph">{"@context":"https:\/\/schema.org","@graph":[{"@type":"WebPage","@id":"https:\/\/jovoutja.eu\/hu\/projekty\/yes-young-europeans-are-in-solidarity\/","url":"https:\/\/jovoutja.eu\/hu\/projekty\/yes-young-europeans-are-in-solidarity\/","name":"YES – Young Europeans are in Solidarity - Jövő Útja","isPartOf":{"@id":"https:\/\/jovoutja.eu\/#website"},"datePublished":"2023-05-23T13:58:10+00:00","dateModified":"2024-08-13T09:38:31+00:00","breadcrumb":{"@id":"https:\/\/jovoutja.eu\/hu\/projekty\/yes-young-europeans-are-in-solidarity\/#breadcrumb"},"inLanguage":"hu","potentialAction":[{"@type":"ReadAction","target":["https:\/\/jovoutja.eu\/hu\/projekty\/yes-young-europeans-are-in-solidarity\/"]}]},{"@type":"BreadcrumbList","@id":"https:\/\/jovoutja.eu\/hu\/projekty\/yes-young-europeans-are-in-solidarity\/#breadcrumb","itemListElement":[{"@type":"ListItem","position":1,"name":"Home","item":"https:\/\/jovoutja.eu\/"},{"@type":"ListItem","position":2,"name":"YES – Young Europeans are in Solidarity"}]},{"@type":"WebSite","@id":"https:\/\/jovoutja.eu\/#website","url":"https:\/\/jovoutja.eu\/","name":"ViaCarpatia","description":"Spájame historické a kultúrno-jazykové tradície","alternateName":"ViaCarpatia","potentialAction":[{"@type":"SearchAction","target":{"@type":"EntryPoint","urlTemplate":"https:\/\/jovoutja.eu\/?s={search_term_string}"},"query-input":{"@type":"PropertyValueSpecification","valueRequired":true,"valueName":"search_term_string"}}],"inLanguage":"hu"}]}</script>
<!-- / Yoast SEO plugin. -->

YES – Young Europeans are in Solidarity - Jövő Útja

A projekt vezető partnere a Via Carpatia EGTC leányvállalata – a Jövő Útja Nonprofit Kft. A YES projekt kiemeli a társadalmi szerepvállalás koncepció fontosságát a fiatalok körében és az elemzésére fókuszál, mert Európa jelenét és jövőjét a fiatalok képviselik. A fiatalokkal végzett munka fontos terület, amelyre növekvő figyelmet fordít Európa. A partnerek a projekttel az [&hellip;]

Jövő Útja

Spájame historické a kultúrno-jazykové tradície
