{"id":8984,"date":"2026-03-20T16:00:12","date_gmt":"2026-03-20T15:00:12","guid":{"rendered":"https:\/\/jovoutja.eu\/?post_type=projekty&#038;p=8984"},"modified":"2026-03-20T16:00:12","modified_gmt":"2026-03-20T15:00:12","slug":"ett-26-via-carpatia-egtc-2027-utan","status":"publish","type":"projekty","link":"https:\/\/jovoutja.eu\/hu\/projekty\/ett-26-via-carpatia-egtc-2027-utan\/","title":{"rendered":"ETT-26 \u2013 Via Carpatia EGTC 2027 ut\u00e1n"},"content":{"rendered":"<p>A Via Carpatia EGTC f\u0151 c\u00e9lja, hogy hat\u00e1ron \u00e1tny\u00fal\u00f3 egy\u00fcttm\u0171k\u00f6d\u00e9sekkel er\u0151s\u00edtse Borsod-<br \/>\nAba\u00faj-Zempl\u00e9n V\u00e1rmegye, a Kassa Megye \u00e9s a sz\u00e9lesebb r\u00e9gi\u00f3 gazdas\u00e1gi, t\u00e1rsadalmi \u00e9s<br \/>\nter\u00fcleti koh\u00e9zi\u00f3j\u00e1t. Tev\u00e9kenys\u00e9geink f\u00f3kusz\u00e1ban a fenntarthat\u00f3 fejl\u0151d\u00e9s, az innov\u00e1ci\u00f3 \u00e9s a<br \/>\nr\u00e9gi\u00f3 versenyk\u00e9pess\u00e9g\u00e9nek n\u00f6vel\u00e9s\u00e9t szolg\u00e1l\u00f3 k\u00f6z\u00f6s kezdem\u00e9nyez\u00e9sek \u00e1llnak.<\/p>\n<p>2013-as megalakul\u00e1sunkkor elk\u00e9sz\u00fclt egys\u00e9ges strat\u00e9gia, amely meghat\u00e1rozta az EGTC<br \/>\nm\u0171k\u00f6d\u00e9s\u00e9nek alapelveit \u00e9s fejleszt\u00e9si priorit\u00e1sait. A v\u00e1ltoz\u00f3 k\u00f6rnyezeti \u00e9s t\u00e1rsadalmi<br \/>\nfelt\u00e9telek miatt 2020-ban a \u201eVia Carpatia EGTC 2020+\u201d Integr\u00e1lt Ter\u00fcleti Strat\u00e9gia keret\u00e9ben<br \/>\nfriss\u00edtett\u00fck c\u00e9ljainkat, amely lehet\u0151v\u00e9 tette, hogy rugalmasan reag\u00e1ljunk a t\u00e9rs\u00e9g ig\u00e9nyeire.<\/p>\n<p>A k\u00f6vetkez\u0151 programoz\u00e1si ciklusra k\u00e9sz\u00fclve most \u00faj strat\u00e9gia kidolgoz\u00e1sa v\u00e1lik id\u0151szer\u0171v\u00e9,<br \/>\namely figyelembe veszi a jelenlegi geopolitikai helyzetet \u00e9s az \u00faj kih\u00edv\u00e1sokat. A \u201eVia<br \/>\nCarpatia EGTC 2027 ut\u00e1n\u201d projekt c\u00e9lja, hogy meghat\u00e1rozza a szervezet j\u00f6v\u0151beli ir\u00e1nyait,<br \/>\nfejleszt\u00e9si priorit\u00e1sait \u00e9s egy\u00fcttm\u0171k\u00f6d\u00e9si t\u00e9m\u00e1it, biztos\u00edtva a r\u00e9gi\u00f3 fenntarthat\u00f3 \u00e9s<br \/>\n\u00f6sszehangolt fejl\u0151d\u00e9s\u00e9t, valamint a p\u00e1ly\u00e1zati lehet\u0151s\u00e9gek maxim\u00e1lis kihaszn\u00e1l\u00e1s\u00e1t.<\/p>\n<p>A projekt a K\u00fclgazdas\u00e1gi \u00e9s K\u00fcl\u00fcgyminiszt\u00e9rium t\u00e1mogat\u00e1s\u00e1val val\u00f3sult meg.<\/p>\n","protected":false},"featured_media":0,"template":"","class_list":["post-8984","projekty","type-projekty","status-publish","hentry"],"acf":[],"yoast_head":"<!-- This site is optimized with the Yoast SEO plugin v27.5 - https:\/\/yoast.com\/product\/yoast-seo-wordpress\/ -->\n<title>ETT-26 \u2013 Via Carpatia EGTC 2027 ut\u00e1n - J\u00f6v\u0151 \u00datja<\/title>\n<meta name=\"robots\" content=\"index, follow, max-snippet:-1, max-image-preview:large, max-video-preview:-1\" \/>\n<link rel=\"canonical\" href=\"https:\/\/jovoutja.eu\/hu\/projekty\/ett-26-via-carpatia-egtc-2027-utan\/\" \/>\n<meta property=\"og:locale\" content=\"hu_HU\" \/>\n<meta property=\"og:type\" content=\"article\" \/>\n<meta property=\"og:title\" content=\"ETT-26 \u2013 Via Carpatia EGTC 2027 ut\u00e1n - J\u00f6v\u0151 \u00datja\" \/>\n<meta property=\"og:description\" content=\"A Via Carpatia EGTC f\u0151 c\u00e9lja, hogy hat\u00e1ron \u00e1tny\u00fal\u00f3 egy\u00fcttm\u0171k\u00f6d\u00e9sekkel er\u0151s\u00edtse Borsod- Aba\u00faj-Zempl\u00e9n V\u00e1rmegye, a Kassa Megye \u00e9s a sz\u00e9lesebb r\u00e9gi\u00f3 gazdas\u00e1gi, t\u00e1rsadalmi \u00e9s ter\u00fcleti koh\u00e9zi\u00f3j\u00e1t. Tev\u00e9kenys\u00e9geink f\u00f3kusz\u00e1ban a fenntarthat\u00f3 fejl\u0151d\u00e9s, az innov\u00e1ci\u00f3 \u00e9s a r\u00e9gi\u00f3 versenyk\u00e9pess\u00e9g\u00e9nek n\u00f6vel\u00e9s\u00e9t szolg\u00e1l\u00f3 k\u00f6z\u00f6s kezdem\u00e9nyez\u00e9sek \u00e1llnak. 2013-as megalakul\u00e1sunkkor elk\u00e9sz\u00fclt egys\u00e9ges strat\u00e9gia, amely meghat\u00e1rozta az EGTC m\u0171k\u00f6d\u00e9s\u00e9nek alapelveit \u00e9s fejleszt\u00e9si [&hellip;]\" \/>\n<meta property=\"og:url\" content=\"https:\/\/jovoutja.eu\/hu\/projekty\/ett-26-via-carpatia-egtc-2027-utan\/\" \/>\n<meta property=\"og:site_name\" content=\"J\u00f6v\u0151 \u00datja\" \/>\n<meta name=\"twitter:card\" content=\"summary_large_image\" \/>\n<meta name=\"twitter:label1\" content=\"Becs\u00fclt olvas\u00e1si id\u0151\" \/>\n\t<meta name=\"twitter:data1\" content=\"1 perc\" \/>\n<script type=\"application\/ld+json\" class=\"yoast-schema-graph\">{\"@context\":\"https:\\\/\\\/schema.org\",\"@graph\":[{\"@type\":\"WebPage\",\"@id\":\"https:\\\/\\\/jovoutja.eu\\\/hu\\\/projekty\\\/ett-26-via-carpatia-egtc-2027-utan\\\/\",\"url\":\"https:\\\/\\\/jovoutja.eu\\\/hu\\\/projekty\\\/ett-26-via-carpatia-egtc-2027-utan\\\/\",\"name\":\"ETT-26 \u2013 Via Carpatia EGTC 2027 ut\u00e1n - J\u00f6v\u0151 \u00datja\",\"isPartOf\":{\"@id\":\"https:\\\/\\\/jovoutja.eu\\\/#website\"},\"datePublished\":\"2026-03-20T15:00:12+00:00\",\"breadcrumb\":{\"@id\":\"https:\\\/\\\/jovoutja.eu\\\/hu\\\/projekty\\\/ett-26-via-carpatia-egtc-2027-utan\\\/#breadcrumb\"},\"inLanguage\":\"hu\",\"potentialAction\":[{\"@type\":\"ReadAction\",\"target\":[\"https:\\\/\\\/jovoutja.eu\\\/hu\\\/projekty\\\/ett-26-via-carpatia-egtc-2027-utan\\\/\"]}]},{\"@type\":\"BreadcrumbList\",\"@id\":\"https:\\\/\\\/jovoutja.eu\\\/hu\\\/projekty\\\/ett-26-via-carpatia-egtc-2027-utan\\\/#breadcrumb\",\"itemListElement\":[{\"@type\":\"ListItem\",\"position\":1,\"name\":\"Home\",\"item\":\"https:\\\/\\\/jovoutja.eu\\\/\"},{\"@type\":\"ListItem\",\"position\":2,\"name\":\"ETT-26 \u2013 Via Carpatia EGTC 2027 ut\u00e1n\"}]},{\"@type\":\"WebSite\",\"@id\":\"https:\\\/\\\/jovoutja.eu\\\/#website\",\"url\":\"https:\\\/\\\/jovoutja.eu\\\/\",\"name\":\"ViaCarpatia\",\"description\":\"Sp\u00e1jame historick\u00e9 a kult\u00farno-jazykov\u00e9 trad\u00edcie\",\"alternateName\":\"ViaCarpatia\",\"potentialAction\":[{\"@type\":\"SearchAction\",\"target\":{\"@type\":\"EntryPoint\",\"urlTemplate\":\"https:\\\/\\\/jovoutja.eu\\\/?s={search_term_string}\"},\"query-input\":{\"@type\":\"PropertyValueSpecification\",\"valueRequired\":true,\"valueName\":\"search_term_string\"}}],\"inLanguage\":\"hu\"}]}<\/script>\n<!-- \/ Yoast SEO plugin. -->","yoast_head_json":{"title":"ETT-26 \u2013 Via Carpatia EGTC 2027 ut\u00e1n - J\u00f6v\u0151 \u00datja","robots":{"index":"index","follow":"follow","max-snippet":"max-snippet:-1","max-image-preview":"max-image-preview:large","max-video-preview":"max-video-preview:-1"},"canonical":"https:\/\/jovoutja.eu\/hu\/projekty\/ett-26-via-carpatia-egtc-2027-utan\/","og_locale":"hu_HU","og_type":"article","og_title":"ETT-26 \u2013 Via Carpatia EGTC 2027 ut\u00e1n - J\u00f6v\u0151 \u00datja","og_description":"A Via Carpatia EGTC f\u0151 c\u00e9lja, hogy hat\u00e1ron \u00e1tny\u00fal\u00f3 egy\u00fcttm\u0171k\u00f6d\u00e9sekkel er\u0151s\u00edtse Borsod- Aba\u00faj-Zempl\u00e9n V\u00e1rmegye, a Kassa Megye \u00e9s a sz\u00e9lesebb r\u00e9gi\u00f3 gazdas\u00e1gi, t\u00e1rsadalmi \u00e9s ter\u00fcleti koh\u00e9zi\u00f3j\u00e1t. Tev\u00e9kenys\u00e9geink f\u00f3kusz\u00e1ban a fenntarthat\u00f3 fejl\u0151d\u00e9s, az innov\u00e1ci\u00f3 \u00e9s a r\u00e9gi\u00f3 versenyk\u00e9pess\u00e9g\u00e9nek n\u00f6vel\u00e9s\u00e9t szolg\u00e1l\u00f3 k\u00f6z\u00f6s kezdem\u00e9nyez\u00e9sek \u00e1llnak. 2013-as megalakul\u00e1sunkkor elk\u00e9sz\u00fclt egys\u00e9ges strat\u00e9gia, amely meghat\u00e1rozta az EGTC m\u0171k\u00f6d\u00e9s\u00e9nek alapelveit \u00e9s fejleszt\u00e9si [&hellip;]","og_url":"https:\/\/jovoutja.eu\/hu\/projekty\/ett-26-via-carpatia-egtc-2027-utan\/","og_site_name":"J\u00f6v\u0151 \u00datja","twitter_card":"summary_large_image","twitter_misc":{"Becs\u00fclt olvas\u00e1si id\u0151":"1 perc"},"schema":{"@context":"https:\/\/schema.org","@graph":[{"@type":"WebPage","@id":"https:\/\/jovoutja.eu\/hu\/projekty\/ett-26-via-carpatia-egtc-2027-utan\/","url":"https:\/\/jovoutja.eu\/hu\/projekty\/ett-26-via-carpatia-egtc-2027-utan\/","name":"ETT-26 \u2013 Via Carpatia EGTC 2027 ut\u00e1n - J\u00f6v\u0151 \u00datja","isPartOf":{"@id":"https:\/\/jovoutja.eu\/#website"},"datePublished":"2026-03-20T15:00:12+00:00","breadcrumb":{"@id":"https:\/\/jovoutja.eu\/hu\/projekty\/ett-26-via-carpatia-egtc-2027-utan\/#breadcrumb"},"inLanguage":"hu","potentialAction":[{"@type":"ReadAction","target":["https:\/\/jovoutja.eu\/hu\/projekty\/ett-26-via-carpatia-egtc-2027-utan\/"]}]},{"@type":"BreadcrumbList","@id":"https:\/\/jovoutja.eu\/hu\/projekty\/ett-26-via-carpatia-egtc-2027-utan\/#breadcrumb","itemListElement":[{"@type":"ListItem","position":1,"name":"Home","item":"https:\/\/jovoutja.eu\/"},{"@type":"ListItem","position":2,"name":"ETT-26 \u2013 Via Carpatia EGTC 2027 ut\u00e1n"}]},{"@type":"WebSite","@id":"https:\/\/jovoutja.eu\/#website","url":"https:\/\/jovoutja.eu\/","name":"ViaCarpatia","description":"Sp\u00e1jame historick\u00e9 a kult\u00farno-jazykov\u00e9 trad\u00edcie","alternateName":"ViaCarpatia","potentialAction":[{"@type":"SearchAction","target":{"@type":"EntryPoint","urlTemplate":"https:\/\/jovoutja.eu\/?s={search_term_string}"},"query-input":{"@type":"PropertyValueSpecification","valueRequired":true,"valueName":"search_term_string"}}],"inLanguage":"hu"}]}},"_links":{"self":[{"href":"https:\/\/jovoutja.eu\/hu\/wp-json\/wp\/v2\/projekty\/8984","targetHints":{"allow":["GET"]}}],"collection":[{"href":"https:\/\/jovoutja.eu\/hu\/wp-json\/wp\/v2\/projekty"}],"about":[{"href":"https:\/\/jovoutja.eu\/hu\/wp-json\/wp\/v2\/types\/projekty"}],"wp:attachment":[{"href":"https:\/\/jovoutja.eu\/hu\/wp-json\/wp\/v2\/media?parent=8984"}],"curies":[{"name":"wp","href":"https:\/\/api.w.org\/{rel}","templated":true}]}}

ETT-26 – Via Carpatia EGTC 2027 után

<p>A Via Carpatia EGTC fő célja, hogy határon átnyúló együttműködésekkel erősítse Borsod-<br />
Abaúj-Zemplén Vármegye, a Kassa Megye és a szélesebb régió gazdasági, társadalmi és<br />
területi kohézióját. Tevékenységeink fókuszában a fenntartható fejlődés, az innováció és a<br />
régió versenyképességének növelését szolgáló közös kezdeményezések állnak.</p>
<p>2013-as megalakulásunkkor elkészült egységes stratégia, amely meghatározta az EGTC<br />
működésének alapelveit és fejlesztési prioritásait. A változó környezeti és társadalmi<br />
feltételek miatt 2020-ban a „Via Carpatia EGTC 2020+” Integrált Területi Stratégia keretében<br />
frissítettük céljainkat, amely lehetővé tette, hogy rugalmasan reagáljunk a térség igényeire.</p>
<p>A következő programozási ciklusra készülve most új stratégia kidolgozása válik időszerűvé,<br />
amely figyelembe veszi a jelenlegi geopolitikai helyzetet és az új kihívásokat. A „Via<br />
Carpatia EGTC 2027 után” projekt célja, hogy meghatározza a szervezet jövőbeli irányait,<br />
fejlesztési prioritásait és együttműködési témáit, biztosítva a régió fenntartható és<br />
összehangolt fejlődését, valamint a pályázati lehetőségek maximális kihasználását.</p>
<p>A projekt a Külgazdasági és Külügyminisztérium támogatásával valósult meg.</p>

<!-- This site is optimized with the Yoast SEO plugin v27.5 - https://yoast.com/product/yoast-seo-wordpress/ -->
<title>ETT-26 – Via Carpatia EGTC 2027 után - Jövő Útja</title>
<meta name="robots" content="index, follow, max-snippet:-1, max-image-preview:large, max-video-preview:-1" />
<link rel="canonical" href="https://jovoutja.eu/hu/projekty/ett-26-via-carpatia-egtc-2027-utan/" />
<meta property="og:locale" content="hu_HU" />
<meta property="og:type" content="article" />
<meta property="og:title" content="ETT-26 – Via Carpatia EGTC 2027 után - Jövő Útja" />
<meta property="og:description" content="A Via Carpatia EGTC fő célja, hogy határon átnyúló együttműködésekkel erősítse Borsod- Abaúj-Zemplén Vármegye, a Kassa Megye és a szélesebb régió gazdasági, társadalmi és területi kohézióját. Tevékenységeink fókuszában a fenntartható fejlődés, az innováció és a régió versenyképességének növelését szolgáló közös kezdeményezések állnak. 2013-as megalakulásunkkor elkészült egységes stratégia, amely meghatározta az EGTC működésének alapelveit és fejlesztési [&hellip;]" />
<meta property="og:url" content="https://jovoutja.eu/hu/projekty/ett-26-via-carpatia-egtc-2027-utan/" />
<meta property="og:site_name" content="Jövő Útja" />
<meta name="twitter:card" content="summary_large_image" />
<meta name="twitter:label1" content="Becsült olvasási idő" />
	<meta name="twitter:data1" content="1 perc" />
<script type="application/ld+json" class="yoast-schema-graph">{"@context":"https:\/\/schema.org","@graph":[{"@type":"WebPage","@id":"https:\/\/jovoutja.eu\/hu\/projekty\/ett-26-via-carpatia-egtc-2027-utan\/","url":"https:\/\/jovoutja.eu\/hu\/projekty\/ett-26-via-carpatia-egtc-2027-utan\/","name":"ETT-26 – Via Carpatia EGTC 2027 után - Jövő Útja","isPartOf":{"@id":"https:\/\/jovoutja.eu\/#website"},"datePublished":"2026-03-20T15:00:12+00:00","breadcrumb":{"@id":"https:\/\/jovoutja.eu\/hu\/projekty\/ett-26-via-carpatia-egtc-2027-utan\/#breadcrumb"},"inLanguage":"hu","potentialAction":[{"@type":"ReadAction","target":["https:\/\/jovoutja.eu\/hu\/projekty\/ett-26-via-carpatia-egtc-2027-utan\/"]}]},{"@type":"BreadcrumbList","@id":"https:\/\/jovoutja.eu\/hu\/projekty\/ett-26-via-carpatia-egtc-2027-utan\/#breadcrumb","itemListElement":[{"@type":"ListItem","position":1,"name":"Home","item":"https:\/\/jovoutja.eu\/"},{"@type":"ListItem","position":2,"name":"ETT-26 – Via Carpatia EGTC 2027 után"}]},{"@type":"WebSite","@id":"https:\/\/jovoutja.eu\/#website","url":"https:\/\/jovoutja.eu\/","name":"ViaCarpatia","description":"Spájame historické a kultúrno-jazykové tradície","alternateName":"ViaCarpatia","potentialAction":[{"@type":"SearchAction","target":{"@type":"EntryPoint","urlTemplate":"https:\/\/jovoutja.eu\/?s={search_term_string}"},"query-input":{"@type":"PropertyValueSpecification","valueRequired":true,"valueName":"search_term_string"}}],"inLanguage":"hu"}]}</script>
<!-- / Yoast SEO plugin. -->

ETT-26 – Via Carpatia EGTC 2027 után - Jövő Útja

A Via Carpatia EGTC fő célja, hogy határon átnyúló együttműködésekkel erősítse Borsod- Abaúj-Zemplén Vármegye, a Kassa Megye és a szélesebb régió gazdasági, társadalmi és területi kohézióját. Tevékenységeink fókuszában a fenntartható fejlődés, az innováció és a régió versenyképességének növelését szolgáló közös kezdeményezések állnak. 2013-as megalakulásunkkor elkészült egységes stratégia, amely meghatározta az EGTC működésének alapelveit és fejlesztési [&hellip;]

Jövő Útja

Spájame historické a kultúrno-jazykové tradície
